*3 - 1145*m**2 - 550*m - 107. Calculate x(55).
-107
Let l(a) = 4191*a + 226075. What is l(-54)?
-239
Let m(o) = 1853*o + 22515. Calculate m(-12).
279
Let y(l) = -l**2 - 96*l - 1061. What is y(-83)?
18
Let n(c) = 2*c**3 - 20*c**2 - 62*c - 111. Calculate n(9).
-831
Let o(h) = 4*h**2 - 103*h + 1028. What is o(14)?
370
Let p(q) = 223*q + 1187. Give p(-4).
295
Let f(d) = -89*d - 26878. Calculate f(-305).
267
Let p(o) = -o**3 + 231*o**2 - 3441*o + 369517. Give p(223).
6
Let c(i) = 34*i**2 + 7939*i + 170947. What is c(-24)?
-5
Let h(q) = -261822*q - 785461. Calculate h(-3).
5
Let w(m) = 2*m**3 + 1185*m**2 + 12139*m - 48307. What is w(-582)?
-1
Let h(u) = -3*u**3 + 362*u**2 + 491*u - 553. Determine h(122).
-187
Let p(m) = 4*m**3 + 86*m**2 - 3801*m - 159. Give p(22).
435
Let d(o) = -71*o**2 - 61*o - 27. Determine d(3).
-849
Let v(k) = -2*k**3 + 371*k**2 - 3394*k + 8806. Determine v(176).
6
Let x(l) = 1396*l - 35292. Determine x(23).
-3184
Let o(h) = 2305*h**2 - 2322*h + 54. What is o(1)?
37
Let n(c) = 76*c**2 - 622*c + 191. Give n(8).
79
Let w(u) = -3402*u - 88469. Determine w(-26).
-17
Let f(n) = 4*n**2 - 108*n - 310. Give f(34).
642
Let w(x) = -8*x**2 - 30284*x + 212371. Calculate w(7).
-9
Let o(q) = -q**3 - 40*q**2 - 273*q - 13092. Determine o(-41).
-218
Let k(c) = -c**3 - c**2 + 836*c + 3607. Give k(-27).
-11
Let w(t) = 591*t + 66826. Give w(-113).
43
Let a(g) = -g**3 + 16*g**2 + 43*g - 477. Determine a(11).
601
Let u(c) = -c**3 + 191*c**2 - 5583*c + 119. Calculate u(36).
11
Let t(l) = -1781*l - 10683. Determine t(-6).
3
Let n(z) = z**3 - 294*z**2 + 21351*z - 1. What is n(131)?
-263
Let y(w) = 60822*w + 973121. Calculate y(-16).
-31
Let b(q) = -q**3 + 38*q**2 + 5856*q - 231042. Calculate b(40).
-2
Let m(b) = -2*b**2 + 2745*b + 194352. Determine m(1440).
-48
Let y(v) = -v**2 + 703*v + 32109. Calculate y(-43).
31
Let l(y) = 12479*y + 224677. What is l(-18)?
55
Let k(c) = -c**2 + 40*c - 657. Calculate k(57).
-1626
Let y(n) = 27*n**2 + 629*n + 171. What is y(-23)?
-13
Let u(z) = 2*z**2 + 849*z - 184797. What is u(-583)?
14
Let o(m) = m**2 + 393*m + 6415. Determine o(-377).
383
Let v(l) = -516*l + 25754. What is v(50)?
-46
Let g(d) = -6*d**3 - 131*d**2 + 7*d - 63. What is g(-21)?
-2415
Let j(h) = 8382*h + 352031. Calculate j(-42).
-13
Let w(i) = 3*i**3 + 170*i**2 + 772*i + 2314. What is w(-52)?
26
Let y(a) = 270*a + 63644. Give y(-233).
734
Let k(p) = -p**3 + 323*p**2 - 25097*p + 1063. Give k(130).
153
Let f(w) = -884*w**2 + 83089*w + 663. Determine f(94).
5
Let m(k) = k**3 - 232*k**2 - 9337*k - 2098. Calculate m(267).
38
Let t(n) = -199466*n + 797793. Determine t(4).
-71
Let s(p) = p**3 + 26*p**2 + 20*p - 55. Determine s(-10).
1345
Let j(m) = 9*m**2 - 110*m - 1136. Calculate j(-7).
75
Let h(r) = 2*r**3 - 434*r**2 + 1697*r + 1163. Calculate h(213).
-328
Let a(t) = -6*t**2 + 177*t - 735. Give a(29).
-648
Let r(v) = 227*v - 5454. What is r(23)?
-233
Let h(x) = -7*x**3 + 363*x**2 + 1157*x + 14. Calculate h(-3).
-1
Let k(w) = -15842*w - 31684. Determine k(-2).
0
Let x(d) = 20*d**2 - 10191*d + 5683. Give x(509).
84
Let f(h) = 15127*h + 211374. Determine f(-14).
-404
Let t(r) = 6897*r - 227594. What is t(33)?
7
Let b(r) = -r**2 + 1557*r - 9365. Calculate b(6).
-59
Let w(f) = -45988*f + 31. Calculate w(0).
31
Let m(j) = 4531*j - 457386. Determine m(101).
245
Let z(a) = 2474*a - 724889. Calculate z(293).
-7
Let b(a) = -99*a**2 - 3867*a - 232. Calculate b(-39).
2
Let v(m) = -408*m - 76713. Give v(-188).
-9
Let u(t) = t**3 - 2*t**2 - 409*t - 967. Determine u(0).
-967
Let r(n) = 3505*n - 91151. What is r(26)?
-21
Let q(j) = j**3 + 40*j**2 - 2263*j - 1318. What is q(32)?
-6
Let j(z) = z**3 + 251*z**2 + 1066*z + 19964. What is j(-247)?
698
Let u(x) = -52*x**2 + 15419*x + 7420. Calculate u(297).
-5
Let k(d) = -4*d**3 + d**2 - 12*d - 21. Calculate k(-2).
39
Let k(i) = -i**3 + 285*i**2 - 1449*i + 294. What is k(5)?
49
Let j(a) = -a**3 + 42*a**2 - 56*a + 770. Calculate j(41).
155
Let k(q) = -9*q**3 + 10*q**2 + 39*q + 67. Calculate k(-2).
101
Let i(d) = -d**3 + 8*d**2 + 8*d + 153. Give i(10).
33
Let c(j) = 961*j - 248889. What is c(259)?
10
Let h(w) = 807*w + 31045. Calculate h(-37).
1186
Let p(g) = -391943*g - 391949. What is p(-1)?
-6
Let m(l) = -117*l**2 + 2031*l + 2. Give m(17).
716
Let q(i) = -453626*i - 2721820. Calculate q(-6).
-64
Let d(t) = -t**3 + 32*t**2 + 125*t - 3052. Give d(33).
-16
Let q(s) = -500*s - 589. What is q(-1)?
-89
Let g(t) = 2*t**3 - 43*t**2 + 178*t + 54. Calculate g(5).
119
Let u(n) = 1508*n - 46635. What is u(31)?
113
Let t(g) = 9*g**3 + 82*g**2 + g - 100. Calculate t(-9).
-28
Let x(o) = -1677*o + 25435. Calculate x(13).
3634
Let l(c) = -63998*c + 639964. Determine l(10).
-16
Let s(c) = c**2 + 53*c - 403. What is s(18)?
875
Let x(d) = -2*d**3 - 161*d**2 - 2721*d + 1362. Calculate x(-25).
12
Let o(p) = 2*p**2 - 35*p + 1351. What is o(34)?
2473
Let w(v) = 4332*v + 25837. What is w(-6)?
-155
Let k(u) = -2292*u + 139742. Calculate k(61).
-70
Let l(z) = 2*z**3 + 710*z**2 + 646*z - 21940. Give l(-354).
8
Let v(o) = -986*o - 28591. Calculate v(-29).
3
Let d(y) = -3*y**2 - 278*y + 1373. Give d(-98).
-195
Let d(w) = -w**3 + 38*w**2 + 656*w - 3173. What is d(4)?
-5
Let n(d) = -2381*d - 56841. Give n(-25).
2684
Let m(l) = l**3 + 37*l**2 - 57*l - 392. Calculate m(-37).
1717
Let h(f) = f**3 + 29*f**2 - 35707*f + 1218. Calculate h(175).
-7
Let x(o) = -2*o**2 - 137*o - 709. Determine x(-6).
41
Let a(f) = -1013*f + 8165. What is a(8)?
61
Let y(u) = 685*u + 144849. Calculate y(-211).
314
Let t(o) = -7150*o + 707801. Determine t(99).
-49
Let l(h) = 2*h**2 - 26*h + 1054. Give l(17).
1190
Let v(i) = 10350*i + 4005400. Calculate v(-387).
-50
Let y(f) = -2*f**3 - 1409*f**2 + 3238*f + 790705. What is y(-706)?
-15
Let j(n) = 22*n + 897. What is j(-23)?
391
Let s(p) = 8*p**3 + 6*p**2 + 188*p + 1435. Calculate s(-7).
-2331
Let c(v) = 468*v + 128. Determine c(-1).
-340
Let o(p) = 194*p + 16604. Give o(-86).
-80
Let u(w) = 471*w - 10044. What is u(13)?
-3921
Let j(n) = 32*n**2 + 1232*n + 734. Calculate j(-38).
126
Let y(x) = -203*x + 3707. What is y(9)?
1880
Let x(k) = -k**2 - 4462*k + 414323. What is x(91)?
0
Let l(r) = -r**3 - 909*r**2 + 4209*r + 2174555. Calculate l(-911).
-2
Let s(i) = -2*i**3 - 62*i**2 - 24*i + 631. Give s(-4).
-137
Let c(w) = 183711*w + 11390076. Determine c(-62).
-6
Let j(k) = -k**3 + 280*k**2 + 1212*k - 21156. What is j(284)?
428
Let p(s) = 736*s - 80178. Determine p(109).
46
Let y(g) = 42841*g + 2656216. What is y(-62)?
74
Let j(g) = 5292*g**2 + 26989*g + 2640. Give j(-5).
-5
Let i(y) = 86*y**2 + 1288*y + 4285. Give i(-5).
-5
Let y(u) = 153445*u + 1227557. Determine y(-8).
-3
Let r(y) = -11054*y - 76994. Calculate r(-7).
384
Let h(z) = 194*z + 8643. Give h(-43).
301
Let q(z) = -4*z**2 - 98*z + 10137. Give q(-64).
25
Let c(w) = -w**3 + 98*w**2 - 121*w + 2523. What is c(97)?
195
Let n(i) = 1877*i - 45375. What is n(24)?
-327
Let g(n) = 212*n - 44054. What is g(209)?
254
Let j(b) = b**3 - 154*b**2 + 2135*b - 3919. What is j(13)?
7
Let g(u) = 12*u**2 - 4155*u + 79201. Calculate g(326).
-17
Let f(g) = 12*g**3 - 50*g**2 + 557*g - 2214. Give f(4).
-18
Let y(o) = 12*o**2 + 3989*o - 161991. Give y(-369).
0
Let g(f) = -f**2 + 69*f + 489. Determine g(41).
1637
Let u(a) = -1099*a + 126387. What is u(115)?
2
Let q(c) = -129585*c - 907087. Give q(-7).
8
Let v(d) = -445*d**2 + 111697*d - 482. Give v(251).
20
Let x(o) = 23408*o - 655309. What is x(28)?
115
Let t(p) = -p**3 + 533*p**2 + 87*p - 329297. What is t(532)?
11
Let g(u) = 116*u**2 - 12068*u - 9. Determine g(104).
-425
Let u(c) = c**3 - 90*c**2 - 8*c + 320. Calculate u(90).
-400
Let f(d) = d**2 - 57232*d - 1603277. Give f(-28).
3
Let x(o) = -15*o - 4257. Calculate x(-317).
498
Let z(m) = m**3 + 86*m**2 + 82*m + 6806. Give z(-86).
-246
Let q(o) = -13*o**3 - 5006*o**2 - 394*o - 3469. Give q(-385).
-4
Let x(u) = 771831*u + 4. Give x(0).
4
Let v(w) = -w**3 - 95*w**2 - 884*w - 826. Calculate v(-9).
164
Let g(u) = 66*u + 5553. Determine g(-67).
1131
Let o(b) = -1280049*b - 89603430. Determine o(-70).
0
Let z(f) = 4*f**2 - 97*f + 824. Give z(9).
275
Let z(f) = -f**2 + 12188*f - 109601. Give z(9).
10
Let c(o) = -o**2 + 24031*o + 72094. Determine c(-3).
-8
Let m(f) = -f**2 - 7879*f + 10. Give m(0).
10
Let q(